
1186
Calculate the highest common factor of 30 and 17423680.
10
What is the highest common factor of 1795364 and 81941?
1223
What is the highest common factor of 26591805 and 1395?
45
What is the highest common divisor of 295 and 4119085?
295
Calculate the greatest common divisor of 949584 and 13578.
438
What is the highest common divisor of 276 and 1017012?
12
What is the highest common factor of 243 and 18176481?
81
What is the greatest common factor of 2896 and 68555560?
1448
What is the highest common divisor of 1746 and 3343008?
582
What is the greatest common factor of 58115148 and 266?
266
Calculate the greatest common divisor of 1148 and 19292.
28
What is the highest common factor of 755 and 103888?
151
Calculate the greatest common factor of 81 and 5697297.
81
What is the greatest common divisor of 18872394 and 18?
6
Calculate the greatest common divisor of 8201026 and 2146.
58
Calculate the greatest common factor of 1005 and 10424463.
201
Calculate the greatest common divisor of 152 and 2627434.
38
Calculate the highest common divisor of 214615995 and 732.
183
What is the highest common factor of 288 and 2043072?
288
Calculate the greatest common factor of 5604 and 4727908.
1868
Calculate the highest common factor of 1541704 and 331454.
206
Calculate the highest common factor of 949 and 146605316.
949
What is the highest common factor of 7490 and 21749462?
1498
What is the highest common divisor of 108309745 and 25?
5
What is the highest common factor of 88573704 and 48?
24
Calculate the highest common factor of 35794 and 6281.
11
Calculate the highest common divisor of 8584819 and 7112.
127
What is the highest common factor of 10804275 and 62?
31
Calculate the greatest common factor of 32400 and 1692300.
300
What is the highest common factor of 512 and 24924928?
256
Calculate the highest common divisor of 19350537 and 249.
249
Calculate the highest common factor of 19 and 144961830.
19
What is the highest common factor of 50942455 and 2108?
527
Calculate the highest common divisor of 1119978 and 23994.
774
Calculate the greatest common factor of 6786 and 42016.
26
What is the greatest common divisor of 13696 and 529280?
128
What is the highest common divisor of 3991889 and 119?
17
Calculate the highest common factor of 245659 and 49106.
43
What is the highest common factor of 31301 and 17063?
113
Calculate the greatest common divisor of 36344 and 372698634.
9086
Calculate the highest common divisor of 36132 and 4492.
4
Calculate the highest common factor of 72 and 181628478.
18
What is the highest common factor of 2802520 and 120?
40
What is the highest common divisor of 9165 and 4277611?
611
Calculate the highest common factor of 296752 and 1088.
272
What is the highest common factor of 136770 and 160830?
30
What is the highest common divisor of 1326647 and 85162?
553
What is the greatest common factor of 225 and 2148606?
9
Calculate the greatest common factor of 5456 and 1392954.
62
Calculate the greatest common factor of 1200 and 2497350.
150
What is the highest common factor of 11209 and 213158?
11
What is the highest common factor of 16777425 and 3675?
525
What is the highest common divisor of 32713070 and 5330?
130
Calculate the highest common divisor of 32 and 19633832.
8
Calculate the greatest common divisor of 39114 and 104427.
369
What is the highest common divisor of 897 and 1004640?
897
Calculate the highest common divisor of 2727904 and 288.
32
Calculate the highest common divisor of 5540608 and 303232.
2944
What is the highest common divisor of 132754 and 4682?
2
Calculate the highest common factor of 42396480 and 2052.
108
Calculate the greatest common factor of 342357 and 144699.
417
Calculate the highest common factor of 113634 and 202842.
1062
Calculate the greatest common divisor of 340 and 1779628.
68
Calculate the highest common divisor of 217 and 207477823.
217
Calculate the highest common divisor of 4756 and 5427088.
164
What is the highest common divisor of 2445420 and 41340?
3180
What is the greatest common factor of 4228 and 90367158?
2114
What is the highest common factor of 46067945 and 1155?
385
What is the highest common divisor of 220 and 7714340?
20
What is the greatest common divisor of 98622 and 9585?
9
What is the greatest common divisor of 12 and 4233164?
4
Calculate the greatest common factor of 315 and 37215.
45
What is the greatest common divisor of 113 and 835386626?
113
What is the greatest common factor of 85710 and 8670?
30
Calculate the greatest common factor of 91 and 676067.
7
What is the highest common divisor of 11949624 and 1944?
72
What is the highest common divisor of 8355 and 13456563?
1671
What is the highest common factor of 100172 and 17852172?
1268
Calculate the greatest common factor of 32160 and 61440.
480
Calculate the highest common divisor of 786 and 424193982.
786
Calculate the greatest common divisor of 79401790 and 130.
130
Calculate the highest common factor of 7650796 and 2848.
356
What is the greatest common factor of 15678900 and 216?
108
Calculate the highest common factor of 270272 and 1751.
103
Calculate the highest common factor of 113398 and 39466348.
1922
Calculate the greatest common divisor of 866 and 1504771126.
866
What is the highest common divisor of 4304 and 2108536?
8
What is the highest common factor of 1786176 and 13356?
252
Calculate the highest common factor of 5481322976 and 1289.
1289
Calculate the greatest common divisor of 766640 and 8144.
16
Calculate the highest common divisor of 21721047 and 399.
57
Calculate the greatest common divisor of 2502 and 490158.
18
What is the highest common divisor of 33983971 and 3295?
659
What is the greatest common divisor of 31968 and 27378?
54
What is the greatest common divisor of 2412 and 2764908?
36
What is the highest common factor of 2607 and 8173?
11
Calculate the greatest common factor of 366 and 225756303.
183
Calculate the greatest common factor of 10605 and 18094755.
105
Calculate the highest common divisor of 1071 and 24038.
119
What is the highest common factor of 10323 and 9304464?
3441
What is the greatest common factor of 26 and 837209152?
26
Calculate the greatest common divisor of 20 and 23989540.
20
Calculate the greatest common divisor of 7651644 and 452244.
2028
Calculate the greatest common divisor of 574145 and 325507.
949
What is the highest common divisor of 2108 and 27116258?
1054
Calculate the highest common factor of 22224 and 2779389.
1389
Calculate the greatest common divisor of 530356300 and 25.
25
What is the greatest common divisor of 2072128 and 64?
64
Calculate the highest common divisor of 2193 and 2307189.
51
What is the greatest common factor of 1651 and 12024106?
127
What is the highest common divisor of 355 and 7314635?
5
Calculate the highest common factor of 27 and 9148860.
9
What is the greatest common factor of 31179 and 8527183?
547
What is the greatest common divisor of 768 and 817008?
48
Calculate the highest common factor of 316 and 11838229.
79
What is the greatest common factor of 47875 and 8700?
25
What is the greatest common factor of 288 and 83468286?
18
What is the highest common divisor of 93 and 6642215?
31
Calculate the greatest common divisor of 11845 and 14483345.
515
What is the highest common factor of 48717 and 12393?
9
What is the greatest common factor of 136272 and 1133016?
408
What is the highest common divisor of 841722 and 42?
42
What is the highest common divisor of 9649231 and 8408?
1051
What is the greatest common divisor of 5972732 and 322?
46
Calculate the highest common divisor of 425 and 3487325.
25
What is the highest common divisor of 34 and 45368?
2
What is the highest common factor of 34 and 8850948?
34
Calculate the greatest common divisor of 44 and 2294820154.
22
What is the highest common divisor of 12737 and 21949?
47
What is the greatest common factor of 39884720 and 20?
20
Calculate the highest common factor of 321 and 2232894297.
321
Calculate the highest common divisor of 1450587335 and 790.
395
Calculate the highest common divisor of 15888987 and 189.
27
What is the greatest common factor of 21488 and 52037?
17
What is the greatest common divisor of 2619220 and 120?
20
Calculate the highest common factor of 217152 an